he remainder when 45 is divided by -2 + 25 + (-35)/7.
9
Let m = -71 + 99. Suppose -a = a + v - m, -3*a - v = -44. What is the remainder when 61 is divided by a?
13
Let s(x) be the second derivative of x**4/12 + 2*x**3/3 - x**2 + 4*x. Calculate the remainder when 27 is divided by s(-6).
7
Let m be 28/10 - (-1)/5. Let l = m - -6. What is the remainder when 26 is divided by l?
8
Let p(o) = -o**3 + 10*o**2 + 14*o - 11. Let y(t) = -5*t**3 + t**2 + 2*t. What is the remainder when y(-2) is divided by p(11)?
18
Suppose -3*p = -3*t - 78, -p - 6*t = -3*t - 34. Calculate the remainder when p is divided by 82/8 - (-8)/(-32).
8
Suppose -y + 23 = 4*p, 3*p - 11 = -5*y + 2. Let k = 17 + -29. What is the remainder when p is divided by (2 + 1)/(-9)*k?
2
Let u be (2/(-5))/((-1)/25). Let v be (-4)/5*75/u. Calculate the remainder when 5 is divided by (2/(-3))/(v/27).
2
Let d(m) = 23*m**3 + m**2 + m - 1. What is the remainder when d(1) is divided by 13?
11
Suppose -4*x = -x - 480. Suppose -x = -5*i - 5*s, 0*i + 3*i - 2*s - 86 = 0. Calculate the remainder when i is divided by 8.
6
Let b(r) = r**2 - r - 24. What is the remainder when b(-7) is divided by 6?
2
Let p = 80 + -36. Calculate the remainder when p is divided by 23.
21
Let n(u) = -2*u + 10. Let p be n(8). Let j(q) = q**3 + 6*q**2 - q + 1. Calculate the remainder when 13 is divided by j(p).
6
Let s be (-12)/(0/1 - (-22)/(-11)). Let o = 9 - -2. Let v = s + o. What is the remainder when v is divided by 6?
5
Let y(z) = 5*z**2 + z. Let u = 0 + 2. Let x be y(u). Calculate the remainder when 27 is divided by 326/x - (-6)/33.
12
Let i(k) = 4*k + 62. What is the remainder when 250 is divided by i(-11)?
16
Suppose 4*i = -3 + 15. Suppose 0 = -i*b + 4*b - 6. Suppose b = 3*t - 39. Calculate the remainder when 43 is divided by t.
13
Suppose -5*g = -4*f - 22, 0 = 3*f - 8 + 2. Let p(j) = -2*j + 7. Calculate the remainder when p(-8) is divided by g.
5
Let q(h) = -27*h - 2. Let y be q(-3). Suppose -23 = 2*d - y. Calculate the remainder when d is divided by 1 + 2/(4/18).
8
Suppose 0 = 4*m - 2 + 14. Let u be m*6/(-9) - 8. What is the remainder when 14 is divided by 0/2 - (u + 1)?
4
Calculate the remainder when 51 is divided by (-15 - -14)*1*-27 + 1.
23
Calculate the remainder when ((-6)/5)/(10/(-1150)) is divided by 28.
26
Suppose 2*v - 7*v = -675. What is the remainder when v is divided by 34?
33
Suppose 2*b - 30 = -0*b. Let w(y) = -87*y - 1. Let o be w(-1). Let r = o + -58. What is the remainder when r is divided by b?
13
Let a = -199 - -136. Suppose 4*x = -5*r + 64, 5*x + 4*r - 33 = 47. What is the remainder when (-4)/(-8)*(-1 - a) is divided by x?
15
Let r be (3/4)/((-4)/(-16)). Suppose -r*x + 0 = -6. What is the remainder when 6 is divided by x?
0
Let x = 8 + -5. Let l = 178 - 82. Suppose -x*m = m - l. What is the remainder when m is divided by 13?
11
Suppose 11 = f + 4*h - 7, -3*h = -2*f - 8. Calculate the remainder when f is divided by 2.
0
Let t = 4 - 4. Let p(g) = g**3 - g**2 - 52. Let v be p(t). Let o = v + 87. What is the remainder when o is divided by 12?
11
What is the remainder when -2*(-7)/((-14)/(-81)) is divided by 21?
18
Let y = 77 + -51. Suppose -5*z = -3*z - y. What is the remainder when 38 is divided by z?
12
Let h = 5 - 18. Let d = h - -22. Suppose -3*c + 77 = 5*m, -m - 5*c - 2 + 13 = 0. What is the remainder when m is divided by d?
7
Let t(y) = y**3 + 7*y**2 - 3*y - 7. Calculate the remainder when 40 is divided by t(-7).
12
Let t(s) = 7*s**2 + s + 1. Let r = 16 + 3. What is the remainder when r is divided by t(-1)?
5
Suppose w = y - 6, -2*y - 5*w + 30 = 3*y. What is the remainder when 41 is divided by y?
5
Let m(g) = -g**2 + 7*g + 7. Let f be 2 - (-6)/(-1*3). Suppose 0 = 4*x - f*x - 24. What is the remainder when m(x) is divided by 5?
3
Let a = 18 + -2. What is the remainder when (-2)/4 - (-488)/a is divided by 16?
14
Let u = 93 - 41. Let o = 29 - 15. Calculate the remainder when u is divided by o.
10
Suppose 3*u - 47 = 4. What is the remainder when 48 is divided by u?
14
Let r = -20 + 25. Suppose -33 = -5*g - 8. Suppose -r*m - 26 = -11, -c = -g*m - 55. Calculate the remainder when c is divided by 14.
12
Let d(p) = -5*p. Let b be d(-1). Suppose 0 = -b*n + 8 - 3, -o = 3*n - 42. What is the remainder when o is divided by 20?
19
Suppose -19*i + 16*i = -156. What is the remainder when 99 is divided by i?
47
Suppose -36 = -2*b + k, 5*b = -k + 6*k + 85. What is the remainder when b is divided by 4?
3
Suppose -w = -0 + 2. What is the remainder when (-3 - -2)/(w/50) is divided by 9?
7
Let l = 5 + -9. Let a be (9/12)/((-1)/l). Suppose a*n + n = 188. Calculate the remainder when n is divided by 16.
15
Suppose 0*h + 2*h - 222 = 0. What is the remainder when h is divided by 19?
16
Let u(t) be the first derivative of -3/2*t**2 + 4 - 7*t. Calculate the remainder when u(-10) is divided by 8.
7
Let g be -1 + 0 - 14/(-2). What is the remainder when ((-3)/g)/(3/(-36)) is divided by 4?
2
Suppose -4*l - 14 - 100 = 2*o, 41 = -l - 3*o. Let q = -11 - l. What is the remainder when 42 is divided by q?
12
Let u = -8 + 20. Calculate the remainder when 33 is divided by u.
9
Suppose 5*k - 1 = 4. Calculate the remainder when 32 is divided by 5 - -15 - (k + 1).
14
Suppose 9*z - 288 = 5*z. Calculate the remainder when z is divided by 15.
12
Suppose -5*a = 4*x - 762, -a + 4*x + 152 = 5*x. Calculate the remainder when a is divided by 13.
11
Let a = 4 - 3. Suppose 0 = 3*b - 4*h + 3, -3*b - h + 4 = -7*b. What is the remainder when (-2 - 18*b) + a is divided by 6?
5
Let p = -2 - -3. Suppose -p - 2 = d. Calculate the remainder when 31 is divided by ((-32)/(-6))/(d/(-9)).
15
Let r(t) = -8*t**2 + 4*t**3 - 5*t**3 + 9 - 6*t + 0*t**3. Calculate the remainder when 5 is divided by r(-7).
1
Let v = 193 - 104. Calculate the remainder when v is divided by 30.
29
Suppose 15 = 3*y, 4*i + y + 22 = 3*y. Let s = i + 15. What is the remainder when 1*-2*35/(-2) is divided by s?
11
Suppose 92 = 3*r - 2*i, -i + 16 = r + 2*i. Suppose r = -7*z + 140. What is the remainder when z is divided by 9?
7
Let a(s) = -s**3 + 10*s**2 - 7*s - 3. Let x be a(9). Let h = x + 25. Calculate the remainder when h is divided by 14.
12
Let s(p) = -66*p + 16. Let l(f) = 22*f - 5. Let y(b) = -10*l(b) - 3*s(b). Let z be y(-2). Suppose 3*c - z = 5. Calculate the remainder when c is divided by 9.
8
Calculate the remainder when 2*(-1 + 26/4) is divided by 165/18 + -9 + 29/6.
1
Let o be (-2)/1 + (-84)/(-4). Suppose 2*p = d - o, -43 = -3*d + 2*p + 6. What is the remainder when 29 is divided by d?
14
Let w be ((-54)/45)/((-3)/(-20)). Let v(d) = -3*d - 10. Calculate the remainder when 26 is divided by v(w).
12
Suppose 10*p = 11*p - 79. Calculate the remainder when p is divided by 20.
19
Let t = -2 + 6. Suppose 3*o - t*i - 54 = 0, -27 = -3*o - 0*i - 5*i. Calculate the remainder when 41 is divided by o.
13
Suppose 4*d = -z - 2, 3*d - 12 = -3*z + 9. Suppose -20 = -5*i, 19 = 2*m + 3*i - 5. Calculate the remainder when z is divided by m.
4
Suppose -3*l + h = -h - 8, 1 = 3*l + 5*h. Calculate the remainder when 7 is divided by l.
1
Let s = -6 - -10. Suppose m = -s + 14. What is the remainder when 39 is divided by m?
9
Let y = 75 + -34. Calculate the remainder when y is divided by 11.
8
Calculate the remainder when 19 is divided by ((-3)/3)/((-2)/8).
3
Suppose 31 = y + 5. What is the remainder when y is divided by 10?
6
Let a be 6/2 - 0/1. Suppose 0 = s + a*s - 4. Suppose -2*o + 37 = -5*p - s, 4*o = -p + 32. Calculate the remainder when 25 is divided by o.
7
Let p = 199 + -101. Let r = 1133 - 1108. What is the remainder when p is divided by r?
23
Suppose -3*n - 5 = 4*a - 35, 9 = n + a. Let f(i) = 4*i - 6. Calculate the remainder when f(4) is divided by n.
4
Let x(r) = -r**2 + 4*r + 10. Let q = 3 - 1. Suppose 0 = l - q*l + 3. Calculate the remainder when x(5) is divided by l.
2
Let b(t) = 4*t**2 + t. Let g be b(1). Suppose g*r + 0*h = -2*h + 4, -2 = r - h. Suppose r = 2*w - 14 - 18. Calculate the remainder when 46 is divided by w.
14
Let k be (-4)/2 + 2*39. Suppose 100 + k = 2*q. What is the remainder when (q/20)/((-1)/(-5)) is divided by 6?
4
Let z = 18 + 39. Suppose -3*v = -2*x + 223, 454 = 2*x + 2*x + 2*v. Let h = x - z. What is the remainder when h is divided by 19?
18
Suppose -u + 91 = 7. Let